d) be the third derivative of 0*d - 1/3*d**3 - 1/120*d**6 + 7/24*d**4 + 11*d**2 + 1/12*d**5 + 0. Calculate u(6).
4
Let h(o) = -2*o**2 + o - 1. Suppose -2*i + 8 = -i. Let w(c) = -c**2 + 9*c - 12. Let b be w(i). Let s be 2/b*(-5 + 1). What is h(s)?
-7
Suppose 5*y + 3*s - 13 = 16, y = s + 1. Let t(k) = -k**2 + 4*k + 2. Let c be t(y). Let l(x) = 3*x**2 - 2*x. Calculate l(c).
8
Suppose 5*n - 4*n = -3*x - 17, 3*x = -4*n - 23. Let o(y) be the third derivative of -y**5/20 - y**4/12 - y**3/6 - 25*y**2. Calculate o(n).
-9
Suppose 0*n + 5*n = 0. Let v(q) = -q + 8. Give v(n).
8
Let d = 16 - 16. Let z(p) = -p**3 - p**2 + p + 8. Determine z(d).
8
Let w(h) = 7*h - 1. Suppose -2*m = 4*n + 6, -m + 4*n + 9 + 0 = 0. Let j be w(m). Let b = j + -2. Let k(s) = s**3 - 5*s**2 + 5*s - 5. What is k(b)?
-1
Let r(l) = 4 - 3*l**2 + 2*l**2 + 3*l - 6*l. Determine r(-5).
-6
Let i(q) = 4 - 5*q + 0*q + q**2 + 3 - 3. Let c be (1 - 2)/(1/(-5)). Calculate i(c).
4
Let b(k) = 3*k - 3. Let z = 37 - 35. Give b(z).
3
Let w(p) = 3*p**2 + 2*p - 2*p + p - 2*p**3 + 3 - 5*p. Determine w(2).
-9
Suppose 0*s - s = -5*m - 33, -5*s - 5*m = -15. Suppose -5*l + 83 - s = 0. Suppose -a = 3*q + 2*q - 25, 3*q - l = -4*a. Let y(u) = -u**3 - u - 7. What is y(a)?
-7
Let p(o) = -o**3 - 4*o**2 + 6*o + 2. Let k = 0 - -1. Let n be (k + 5)/2 + -1. Suppose -n*r = -4*r - 10. What is p(r)?
-3
Let d(v) = v**3 + 3*v**2 - v + 5. Let r(y) = -y**2 + 3*y + 7. Let m be r(6). Let c = 7 + m. What is d(c)?
-7
Let o(m) = -5*m**2 + 9*m + 3. Let j(i) = 2*i**2 - 4*i - 2. Suppose 2*h = 2 + 4. Let u = 7 + 0. Let w(b) = h*o(b) + u*j(b). What is w(0)?
-5
Let i(g) = g**3 + 5 + 1 - 3 + g**2. Give i(0).
3
Let f(z) be the third derivative of -z**5/60 + z**4/6 - z**3/3 + 2*z**2. Let c be -11 - ((-6)/3 - 0). Let s be (-204)/(-54) + (-2)/c. Calculate f(s).
-2
Let a(i) = -i**3 - 4*i**2 + 2*i - 7. Let k be 2/(-13) - (-441)/(-91). Give a(k).
8
Let q(r) = 11*r - 4. Let v(h) = -5*h + 2. Let u(f) = -6*q(f) - 13*v(f). Calculate u(5).
-7
Let t(u) = u + 11. Let x(z) = 1. Let n(k) = t(k) - 5*x(k). Suppose 0 = -w + 2*b - 1 - 6, 0 = -5*w + 2*b - 27. Calculate n(w).
1
Let h = 4 - 4. Let q = 15 + h. Let s = q + -10. Let m(t) = t**3 - 4*t**2 - 6*t. Determine m(s).
-5
Let k(g) = -8*g - g**3 + 7*g**2 + 1 + 2*g - 1. Let o be k(6). Let j(w) = w**3 + w**2 - w + 1. Calculate j(o).
1
Let m(n) be the third derivative of n**6/120 + 7*n**5/60 + 5*n**4/24 - n**3 - n**2. Calculate m(-6).
0
Suppose 2*j + 3 = 3*j. Let s be (1/j)/((-2)/6). Let r(y) = 7*y**2 - y. Calculate r(s).
8
Let u(p) = -p**3 - 2*p**2 + 2*p + 3. Let v(j) = -j**2 + 7*j - 3. Let w be v(7). What is u(w)?
6
Suppose -5*n = -3*n - x - 14, n - 8 = x. Let q(y) = -y + 6. What is q(n)?
0
Let n(a) = a**3 + 4*a**2 - 3*a + 2. Let p = -25 - -25. Suppose -3*i + 10 = 1. Suppose -3*b + i - 18 = p. Give n(b).
-8
Let a(i) = i**2 + 12*i + 38. Let u be a(-4). Let x(m) = 3*m - 1. Give x(u).
17
Let l(m) = m + m - 2 - m. Suppose -v + 4*z = 10, -4*v - 2*z + 22 + 28 = 0. Suppose -3*g = -v + 1. What is l(g)?
1
Let l(k) = -k**2 + 3*k. Let q(z) = 2*z**3 - 9*z**2 + 5*z. Let t be q(4). Give l(t).
-4
Suppose -20 = -5*j, 0 = 4*w - 0*j + 4*j - 8. Let z(k) = -k**3 - 2*k**2 + 3*k + 3. Determine z(w).
-3
Suppose 2*g = -2*f - 2, 9 = 4*g - 2*f + 37. Let t(j) be the third derivative of -1/2*j**3 + 0*j + 0 + 1/60*j**5 + 6*j**2 + 1/4*j**4. Give t(g).
-8
Let w = 29 + -36. Let i(y) = -y**3 - 7*y**2 + 5. Calculate i(w).
5
Let r(c) = 1 - c + 0 - c + 0. Determine r(-2).
5
Let u(n) = n + 1. Let y(f) = f**2 - 2*f - 11. Let v(i) = -5*u(i) - y(i). Let w(p) = p**2 + 2*p - 7. Let k(z) = 3*v(z) + 2*w(z). What is k(-6)?
-2
Let n(h) be the second derivative of h**5/20 + h**4/12 - h**3/2 + h**2/2 + 2*h. Let x = -5 + 7. Suppose b + 1 = 2*j, -5*j + 4*b + 4 = x*b. Give n(j).
7
Suppose -4*d = -218 + 214. Let h(y) = -3*y. Calculate h(d).
-3
Let q(s) = s + 3. Let n(r) = -r + 2. Let l = 2 - -2. Let o be l + (-1 - (0 - 1)). Let u be n(o). Determine q(u).
1
Let d(l) = 134*l + 5 - 126*l - 1 + l**2. What is d(-6)?
-8
Let v = 57 + -52. Let c(u) = u**2 - 4*u - 4. Calculate c(v).
1
Suppose 5*d - 6 = 3*d. Let u(m) = -m**2 - 4 + 3 - 3*m + m**3 - 3. Calculate u(d).
5
Let p be (-12)/4 + 4 - -8. Let t(h) = -2*h + p - h**3 + 3*h - 6*h**2 + h. Determine t(-6).
-3
Suppose 3*m - 2 = 5*t - 1, 5*m + 2*t = 12. Let v = m + 3. Let d(a) = 3*a - 5. Give d(v).
10
Let i(z) be the third derivative of -z**5/60 + z**4/24 + z**2. Let a(g) = g**3 - 8*g**2 + 8*g - 7. Let q be a(7). Determine i(q).
0
Let c(j) = -j**3 - 2*j**2 - 9*j + 5. Let d(f) = f**3 + 3*f**2 + 10*f - 6. Let m(y) = -7*c(y) - 6*d(y). Determine m(3).
1
Let r(p) = -p - 148*p**3 + 147*p**3 + 0*p**2 + 4*p**2 + 2 - 3*p. Calculate r(3).
-1
Let b(q) = -2*q**2 - 2*q - 1. Let c(z) = z**3 - 5*z**2 - 8*z - 4. Let f(l) = l**3 - 5*l**2 - 9*l - 5. Let k(g) = 3*c(g) - 2*f(g). Let w be k(6). Calculate b(w).
-5
Suppose v = 3*f - 13, 0 = 5*v + 2*f - 6*f + 54. Let y(s) = s**2 + 10*s + 1. Let m be y(v). Let q(o) = -o**3 + o**2 - 1. Determine q(m).
-1
Let g(z) = -z + 3. Let j(m) = -m + 4. Let t(c) = -4*g(c) + 3*j(c). Give t(7).
7
Let b(u) = u**3 + 2*u**2 + 3. Let t be (-3 + 2)/(2/6). Determine b(t).
-6
Suppose p + 39 - 116 = 0. Let v(x) = 77 + 8*x - p. Calculate v(1).
8
Let b(p) be the first derivative of 1/3*p**3 + 3/2*p**2 + 3*p - 1. Let k be 8*(0 + 3)/(-6). Determine b(k).
7
Let s(l) = -4 - 10*l**3 + 6*l - 7*l**2 - 15*l**3 + 43*l**3 - 17*l**3. Determine s(6).
-4
Let c(h) be the third derivative of h**8/6720 + h**7/840 + h**6/720 - h**5/120 + h**4/8 + h**2. Let w(f) be the second derivative of c(f). What is w(-2)?
1
Let w(h) be the third derivative of -h**6/60 - h**5/30 - h**4/24 - h**3/6 + 6*h**2. Suppose v - 8 = -v. Suppose -2 = c + 4*r, v*r = -0*r. Calculate w(c).
9
Let w(x) = -7*x**2 + x - 5. Let l(y) = -12*y**2 + y - 9. Let z(d) = -3*l(d) + 5*w(d). Give z(-2).
2
Suppose -4*b + 14 = -3*f, 0 = 2*b - f + 4*f + 2. Suppose -3*c + b*c = 2. Let a(z) be the third derivative of -z**4/8 - z**3/2 + 2*z**2. Calculate a(c).
3
Let t(n) = -9*n**2 + 8*n**2 + 4 + 3 - 1. Calculate t(0).
6
Let u(r) be the first derivative of -r**4/4 + r**3/3 + r**2/2 + 4*r + 3. Suppose 4*v = 7*v. Suppose v*i = -i. Determine u(i).
4
Suppose -l + f + 2 = 2*l, -8 = -5*l - 3*f. Suppose d - 6 + 2 = 0. Let v(r) = 0*r - r - d + l. Give v(-3).
0
Let d(t) = -2*t**3 - t**2. Suppose 4*x + 3 = -1. Let q = 0 - 3. Let c be (q - -2)/(x - 0). What is d(c)?
-3
Let t(h) be the second derivative of -5*h**4/6 - h**3/6 - h**2/2 - 6*h. Calculate t(-1).
-10
Let z(q) be the first derivative of -2*q - 1/6*q**3 + 7/2*q**2 + 2. Let i(a) be the first derivative of z(a). Give i(5).
2
Let l(q) be the second derivative of q**5/20 - 5*q**4/12 - q**3 + 3*q**2 - 4*q. Determine l(6).
6
Let z(v) = -18*v + 35*v - 15*v - 5 - 1. Give z(4).
2
Suppose -f + 6 = -u, -4*u = -2*f - 0*u + 20. Suppose f = m + 3. Let h(g) = 6*g**2 + g - 2*g**2 + 2*g**2. Calculate h(m).
5
Let f = -3 - -3. Let y be 8/2 - f/(-3). Suppose -b - y = -m, -b - 2*b - 12 = -5*m. Let s(u) = -u**3 - u - 2. Determine s(m).
-2
Suppose -p = -5*p + 5*y - 9, -3*p = 2*y + 1. Let o = 1 - p. Let a(s) = -4*s + o*s + 5*s. Calculate a(-1).
-3
Let l(d) be the first derivative of -d**4/4 + 5*d**3/3 - 2*d - 2. Suppose c - 7*f - 17 = -2*f, -4 = -5*c - 2*f. Calculate l(c).
10
Suppose -12*o + 5*o - 35 = 0. Let j(c) = c**2 + 5*c - 1. What is j(o)?
-1
Let y(f) = 7*f**2 - 2*f. Let v(p) be the third derivative of -p**5/60 + 3*p**2. Let s(a) = 6*v(a) + y(a). Determine s(-2).
8
Let l(j) = -j + 7 + 0 - 3. Let w(z) = z**3 + 15*z**2 + 55*z + 14. Let k be w(-9). What is l(k)?
-1
Let l = 3 + -3. Let q = 3 - l. Let d be 2/q + 14/(-21). Let o(n) = -n + 9. What is o(d)?
9
Let m(v) = 16*v - 4. Let q(w) = 4*w + 1. Let u(c) = 3*c + 1. Let d(y) = -6*q(y) + 7*u(y). Let g(z) = -11*d(z) - 2*m(z). Give g(3).
0
Let v(t) = -2*t**3 - 8*t**2 + 5*t - 1. Let y(z) = 8*z + 0*z - 12*z**2 - 3*z**3 + 0 - 1. Let i(q) = 8*v(q) - 5*y(q). Suppose -5 = 3*b + 7. What is i(b)?
-3
Let j(l) be the second derivative of l**3/6 + 3*l**2 + 3*l. Let r = -10 + 6. Determine j(r).
2
Suppose -t - 3*c = -8, t + 46 = -2*t + 5*c. Let q(x) = 4*x + 10. Calculate q(t).
-18
Let c be ((-2)/(-1*1))/(2 + -1). Let r(d) = d**2 + 2*d - 1. Determine r(c).
7
Suppose 0 = 2*f - 2, -5*j = -5*f - 20. Let r(m) = m**2 - 6*m + 6